{"id":1275,"date":"2020-03-03T22:03:01","date_gmt":"2020-03-03T21:03:01","guid":{"rendered":"https:\/\/www.francoishuet.fr\/?page_id=1275"},"modified":"2020-11-28T10:17:32","modified_gmt":"2020-11-28T09:17:32","slug":"le-point-sur-les-marches","status":"publish","type":"page","link":"https:\/\/www.francoishuet.fr\/index.php\/compte-dadherent\/le-point-sur-les-marches\/","title":{"rendered":"la Newsletter : pour quoi faire ?"},"content":{"rendered":"<p>Il est parfois complexe de suivre un portefeuille d&rsquo;actions. Pourquoi ne pas simplement calquer les d\u00e9cisions prises par un passionn\u00e9 par les march\u00e9s financiers depuis plus de 20 ans ?<\/p>\n<p>Afin de partager avec vous ma vision sur les march\u00e9s, les performances de mes investissements et la r\u00e9partition de mes investissements, je vous propose de vous inscrire pour recevoir toutes les semaines ma newsletter par e-mail avec :<\/p>\n<ul>\n<li>un point synth\u00e9tique sur l&rsquo;actualit\u00e9 et sur les march\u00e9s<\/li>\n<li>la photo de mes investissements en actions : type de contrat, produits utilis\u00e9s, r\u00e9partition<\/li>\n<li>la liste des \u00e9ventuels ordres pass\u00e9s sur la semaine<\/li>\n<\/ul>\n<p>Deux options s&rsquo;offrent \u00e0 vous :<\/p>\n<p>Ma newsletter mono-compte: id\u00e9ale pour commencer, avec la visibilit\u00e9 sur un de mes portefeuilles (10\u20ac par mois).<\/p>\n<p>Ma newsletter multi-comptes: recommand\u00e9e pour diversifier ses placements afin de r\u00e9duire le risque et collecter de la performance sur plusieurs march\u00e9s (20\u20ac par mois).<\/p>\n<p><a href=\"https:\/\/www.francoishuet.fr\/index.php\/compte-dadherent\/gestion-administrative\/paiement-dadhesion\/\">Inscrivez-vous ici !<\/a><\/p>\n","protected":false},"excerpt":{"rendered":"<p>Il est parfois complexe de suivre un portefeuille d&rsquo;actions. Pourquoi ne pas simplement calquer les d\u00e9cisions prises par un passionn\u00e9 par les march\u00e9s financiers depuis plus de 20 ans ? Afin de partager avec vous ma vision sur les march\u00e9s, les performances de mes investissements et la r\u00e9partition de mes investissements, je vous propose de&hellip; <br \/> <a class=\"read-more\" href=\"https:\/\/www.francoishuet.fr\/index.php\/compte-dadherent\/le-point-sur-les-marches\/\">Lire la suite<\/a><\/p>\n","protected":false},"author":1,"featured_media":0,"parent":1259,"menu_order":0,"comment_status":"closed","ping_status":"closed","template":"","meta":{"pmpro_default_level":"","footnotes":""},"class_list":["post-1275","page","type-page","status-publish","hentry","pmpro-has-access"],"_links":{"self":[{"href":"https:\/\/www.francoishuet.fr\/index.php\/wp-json\/wp\/v2\/pages\/1275","targetHints":{"allow":["GET"]}}],"collection":[{"href":"https:\/\/www.francoishuet.fr\/index.php\/wp-json\/wp\/v2\/pages"}],"about":[{"href":"https:\/\/www.francoishuet.fr\/index.php\/wp-json\/wp\/v2\/types\/page"}],"author":[{"embeddable":true,"href":"https:\/\/www.francoishuet.fr\/index.php\/wp-json\/wp\/v2\/users\/1"}],"replies":[{"embeddable":true,"href":"https:\/\/www.francoishuet.fr\/index.php\/wp-json\/wp\/v2\/comments?post=1275"}],"version-history":[{"count":0,"href":"https:\/\/www.francoishuet.fr\/index.php\/wp-json\/wp\/v2\/pages\/1275\/revisions"}],"up":[{"embeddable":true,"href":"https:\/\/www.francoishuet.fr\/index.php\/wp-json\/wp\/v2\/pages\/1259"}],"wp:attachment":[{"href":"https:\/\/www.francoishuet.fr\/index.php\/wp-json\/wp\/v2\/media?parent=1275"}],"curies":[{"name":"wp","href":"https:\/\/api.w.org\/{rel}","templated":true}]}}